is the units digit of 88?
8
What is the units digit of 2797?
7
What is the tens digit of 381?
8
What is the tens digit of 71630?
3
What is the hundred thousands digit of 135638?
1
What is the tens digit of 4550?
5
What is the thousands digit of 3222?
3
What is the thousands digit of 7410?
7
What is the ten thousands digit of 15055?
1
What is the units digit of 3273?
3
What is the tens digit of 55?
5
What is the units digit of 3396?
6
What is the thousands digit of 4975?
4
What is the thousands digit of 1298?
1
What is the units digit of 68079?
9
What is the hundreds digit of 380?
3
What is the units digit of 14714?
4
What is the hundreds digit of 126409?
4
What is the hundreds digit of 6702?
7
What is the units digit of 84?
4
What is the tens digit of 17351?
5
What is the units digit of 7065?
5
What is the units digit of 69998?
8
What is the units digit of 2063?
3
What is the tens digit of 278?
7
What is the ten thousands digit of 27763?
2
What is the units digit of 58?
8
What is the tens digit of 881?
8
What is the tens digit of 118897?
9
What is the thousands digit of 1461?
1
What is the hundreds digit of 1878?
8
What is the hundreds digit of 52891?
8
What is the hundreds digit of 2020?
0
What is the units digit of 10035?
5
What is the units digit of 138?
8
What is the hundreds digit of 1950?
9
What is the hundreds digit of 3265?
2
What is the units digit of 4824?
4
What is the units digit of 4199?
9
What is the hundreds digit of 1394?
3
What is the hundreds digit of 15396?
3
What is the units digit of 4238?
8
What is the units digit of 187?
7
What is the units digit of 19846?
6
What is the thousands digit of 1110?
1
What is the tens digit of 486?
8
What is the units digit of 614?
4
What is the hundreds digit of 637?
6
What is the thousands digit of 13302?
3
What is the tens digit of 49912?
1
What is the hundreds digit of 2073?
0
What is the thousands digit of 7812?
7
What is the tens digit of 460?
6
What is the tens digit of 17776?
7
What is the thousands digit of 1780?
1
What is the units digit of 12389?
9
What is the hundreds digit of 1009?
0
What is the tens digit of 10592?
9
What is the units digit of 624?
4
What is the units digit of 868?
8
What is the units digit of 424?
4
What is the hundreds digit of 1869?
8
What is the units digit of 1123?
3
What is the tens digit of 52512?
1
What is the units digit of 1460?
0
What is the thousands digit of 1921?
1
What is the units digit of 1842?
2
What is the units digit of 31866?
6
What is the thousands digit of 7145?
7
What is the tens digit of 75?
7
What is the tens digit of 736?
3
What is the thousands digit of 16748?
6
What is the units digit of 11?
1
What is the units digit of 782?
2
What is the tens digit of 367?
6
What is the units digit of 330?
0
What is the tens digit of 3703?
0
What is the thousands digit of 13905?
3
What is the thousands digit of 1314?
1
What is the hundreds digit of 9674?
6
What is the hundreds digit of 981?
9
What is the units digit of 92220?
0
What is the thousands digit of 4415?
4
What is the hundreds digit of 38167?
1
What is the tens digit of 4264?
6
What is the tens digit of 7127?
2
What is the ten thousands digit of 25796?
2
What is the thousands digit of 2360?
2
What is the tens digit of 4241?
4
What is the ten thousands digit of 33023?
3
What is the thousands digit of 92551?
2
What is the units digit of 804?
4
What is the hundreds digit of 89268?
2
What is the thousands digit of 10417?
0
What is the units digit of 38465?
5
What is the hundreds digit of 2952?
9
What is the units digit of 143?
3
What is the tens digit of 26?
2
What is the units digit of 6960?
0
What is the tens digit of 1772?
7
What is the ten thousands digit of 28034?
2
What is the thousands digit of 2480?
2
What is the units digit of 2709?
9
What is the tens digit of 1395?
9
What is the hundreds digit of 3688?
6
What is the units digit of 824?
4
What is the tens digit of 1316?
1
What is the hundreds digit of 3834?
8
What is the thousands digit of 31064?
1
What is the hundreds digit of 5203?
2
What is the thousands digit of 5663?
5
What is the hundreds digit of 633?
6
What is the hundreds digit of 394?
3
What is the units digit of 992?
2
What is the thousands digit of 20494?
0
What is the tens digit of 44111?
1
What is the hundreds digit of 32568?
5
What is the hundreds digit of 8720?
7
What is the tens digit of 22857?
5
What is the hundreds digit of 4998?
9
What is the thousands digit of 2801?
2
What is the thousands digit of 5692?
5
What is the tens digit of 8542?
4
What is the thousands digit of 3259?
3
What is the units digit of 5564?
4
What is the units digit of 390?
0
What is the hundreds digit of 64853?
8
What is the hundreds digit of 400?
4
What is the hundreds digit of 86811?
8
What is the tens digit of 1281?
8
What is the thousands digit of 9650?
9
What is the units digit of 808?
8
What is the units digit of 1536?
6
What is the hundreds digit of 312?
3
What is the ten thousands digit of 10987?
1
What is the tens digit of 456?
5
What is the tens digit of 1356?
5
What is the tens digit of 44883?
8
What is the units digit of 1034?
4
What is the hundreds digit of 17555?
5
What is the tens digit of 497?
9
What is the hundreds digit of 90311?
3
What is the tens digit of 71?
7
What is the tens digit of 27089?
8
What is the tens digit of 23660?
6
What is the hundreds digit of 1353?
3
What is the hundreds digit of 1181?
1
What is the tens digit of 32726?
2
What is the hundreds digit of 3185?
1
What is the ten thousands digit of 54565?
5
What is the tens digit of 8908?
0
What is the tens digit of 4591?
9
What is the hundreds digit of 154?
1
What is the hundreds digit of 9883?
8
What is the thousands digit of 72724?
2
What is the units digit of 275?
5
What is the hundreds digit of 26035?
0
What is the units digit of 8599?
9
What is the units digit of 3300?
0
What is the hundreds digit of 2758?
7
What is the hundreds digit of 898?
8
What is the tens digit of 43961?
6
What is the hundreds digit of 4548?
5
What is the ten thousands digit of 11972?
1
What is the tens digit of 59?
5
What is the thousands digit of 5225?
5
What is the hundreds digit of 1462?
4
What is the hundreds digit of 1930?
9
What is the units digit of 2834?
4
What is the thousands digit of 10197?
0
What is the hundreds digit of 18105?
1
What is the ten thousands digit of 101221?
0
What is the tens digit of 3393?
9
What is the tens digit of 51383?
8
What is the tens digit of 635?
3
What is the thousands digit of 24857?
4
What is the thousands digit of 1420?
1
What is the hundreds digit of 18099?
0
What is the thousands digit of 15242?
5
What is the hundreds digit of 7840?
8
What is the thousands digit of 6028?
6
What is the units digit of 1800?
0
What is the units digit of 86757?
7
What is the units digit of 3205?
5
What is the ten thousands digit of 11335?
1
What is the hundreds digit of 60731?
7
What is the units digit of 114?
4
What is the hundreds digit of 1675?
6
What is the thousands digit of 3158?
3
What is the tens digit of 18825?
2
What is the units digit of 1276?
6
What is the tens digit of 53021?
2
What is the hundreds digit of 2978?
9
What is the tens digit of 130689?
8
What is the tens digit of 46229?
2
What is the thousands digit of 1101?
1
What is the units digit of 78?
8
What is the units digit of 787?
7
What is the hundreds digit of 4296?
2
What is the tens digit of 39816?
1
What is the units digit of 636?
6
What is the thousands digit of 20490?
0
What is the hundreds digit of 62982?
9
What is the hundreds digit of 11827?
8
What is the hundreds digit of 133920?
9
What is the hundreds digit of 21733?
7
What is the units digit of 8582?
2
What is the ten thousands digit of 123180?
2
What is the tens digit of 2063?
6
What is the hundreds digit of 1298?
2
What is the thousands digit of 44819?
4
What is the tens digit of 39981?
8
What is the units digit of 372?
2
What is the hundreds digit of 41369?
3
What is the units digit of 5733?
3
What is the hundreds digit of 17534?
5
What is the thousands digit of 98834?
8
What is the thousands digit of 7836?
7
What is the hundreds digit of 1704?
7
What is the units digit of 154343?
3
What is the hundreds digit of 3500?
5
What is the thousands digit of 84168?
4
What is the